divided by 189.
64
What is the remainder when 62 is divided by 36?
26
Calculate the remainder when 238 is divided by 125.
113
What is the remainder when 255 is divided by 20?
15
Calculate the remainder when 2753 is divided by 916.
5
What is the remainder when 54 is divided by 18?
0
What is the remainder when 1552 is divided by 170?
22
What is the remainder when 14765 is divided by 27?
23
Calculate the remainder when 10610 is divided by 27.
26
Calculate the remainder when 3747 is divided by 1865.
17
Calculate the remainder when 2702 is divided by 96.
14
What is the remainder when 220 is divided by 52?
12
Calculate the remainder when 195 is divided by 9.
6
What is the remainder when 2239 is divided by 19?
16
Calculate the remainder when 274 is divided by 66.
10
Calculate the remainder when 324 is divided by 42.
30
What is the remainder when 326 is divided by 38?
22
Calculate the remainder when 8469 is divided by 12.
9
What is the remainder when 34 is divided by 7?
6
Calculate the remainder when 58 is divided by 2.
0
What is the remainder when 425 is divided by 219?
206
What is the remainder when 18 is divided by 7?
4
Calculate the remainder when 6744 is divided by 71.
70
What is the remainder when 155 is divided by 6?
5
Calculate the remainder when 132 is divided by 19.
18
Calculate the remainder when 2056 is divided by 14.
12
Calculate the remainder when 121 is divided by 25.
21
Calculate the remainder when 809 is divided by 327.
155
Calculate the remainder when 62 is divided by 9.
8
Calculate the remainder when 1028 is divided by 21.
20
What is the remainder when 1745 is divided by 576?
17
What is the remainder when 1862 is divided by 22?
14
Calculate the remainder when 2869 is divided by 107.
87
What is the remainder when 2179 is divided by 16?
3
Calculate the remainder when 956 is divided by 48.
44
Calculate the remainder when 1468 is divided by 285.
43
What is the remainder when 1297 is divided by 1247?
50
What is the remainder when 855 is divided by 123?
117
What is the remainder when 25 is divided by 6?
1
What is the remainder when 31 is divided by 2?
1
What is the remainder when 925 is divided by 2?
1
Calculate the remainder when 285 is divided by 119.
47
What is the remainder when 845 is divided by 94?
93
What is the remainder when 240 is divided by 90?
60
Calculate the remainder when 775 is divided by 381.
13
What is the remainder when 644 is divided by 84?
56
What is the remainder when 685 is divided by 46?
41
Calculate the remainder when 173 is divided by 156.
17
What is the remainder when 199 is divided by 55?
34
What is the remainder when 86 is divided by 34?
18
What is the remainder when 1308 is divided by 55?
43
What is the remainder when 2460 is divided by 9?
3
What is the remainder when 3072 is divided by 1020?
12
What is the remainder when 392 is divided by 11?
7
What is the remainder when 435 is divided by 17?
10
What is the remainder when 1153 is divided by 13?
9
What is the remainder when 7205 is divided by 6?
5
What is the remainder when 39 is divided by 36?
3
Calculate the remainder when 245 is divided by 43.
30
What is the remainder when 630 is divided by 117?
45
What is the remainder when 218 is divided by 135?
83
What is the remainder when 1076 is divided by 154?
152
Calculate the remainder when 3124 is divided by 309.
34
What is the remainder when 1099 is divided by 449?
201
Calculate the remainder when 30755 is divided by 12.
11
Calculate the remainder when 1207 is divided by 8.
7
What is the remainder when 451 is divided by 35?
31
What is the remainder when 135 is divided by 31?
11
Calculate the remainder when 8497 is divided by 85.
82
Calculate the remainder when 261 is divided by 261.
0
What is the remainder when 48 is divided by 38?
10
Calculate the remainder when 833 is divided by 404.
25
What is the remainder when 257 is divided by 37?
35
What is the remainder when 2788 is divided by 43?
36
What is the remainder when 353 is divided by 175?
3
What is the remainder when 146 is divided by 29?
1
Calculate the remainder when 201 is divided by 29.
27
Calculate the remainder when 344 is divided by 232.
112
What is the remainder when 2054 is divided by 54?
2
Calculate the remainder when 3644 is divided by 12.
8
What is the remainder when 108 is divided by 48?
12
What is the remainder when 601 is divided by 20?
1
Calculate the remainder when 43 is divided by 18.
7
What is the remainder when 595 is divided by 540?
55
What is the remainder when 351 is divided by 41?
23
What is the remainder when 484 is divided by 364?
120
What is the remainder when 393 is divided by 66?
63
Calculate the remainder when 1800 is divided by 187.
117
Calculate the remainder when 1150 is divided by 220.
50
Calculate the remainder when 780 is divided by 231.
87
Calculate the remainder when 645 is divided by 54.
51
Calculate the remainder when 2827 is divided by 22.
11
What is the remainder when 5361 is divided by 120?
81
Calculate the remainder when 1047 is divided by 75.
72
Calculate the remainder when 559 is divided by 16.
15
What is the remainder when 37 is divided by 6?
1
Calculate the remainder when 198 is divided by 190.
8
What is the remainder when 57 is divided by 19?
0
Calculate the remainder when 360 is divided by 34.
20
Calculate the remainder when 313 is divided by 108.
97
What is the remainder when 525 is divided by 16?
13
What is the remainder when 84 is divided by 46?
38
Calculate the remainder when 280 is divided by 47.
45
Calculate the remainder when 494 is divided by 99.
98
Calculate the remainder when 535 is divided by 166.
37
Calculate the remainder when 256 is divided by 20.
16
Calculate the remainder when 148 is divided by 95.
53
What is the remainder when 2486 is divided by 2480?
6
What is the remainder when 39 is divided by 27?
12
What is the remainder when 187 is divided by 49?
40
What is the remainder when 94 is divided by 56?
38
Calculate the remainder when 4058 is divided by 31.
28
What is the remainder when 1719 is divided by 40?
39
What is the remainder when 930 is divided by 70?
20
Calculate the remainder when 8208 is divided by 99.
90
What is the remainder when 71 is divided by 18?
17
Calculate the remainder when 1661 is divided by 43.
27
Calculate the remainder when 58 is divided by 52.
6
What is the remainder when 729 is divided by 4?
1
What is the remainder when 251 is divided by 41?
5
Calculate the remainder when 779 is divided by 17.
14
Calculate the remainder when 395 is divided by 96.
11
What is the remainder when 170 is divided by 26?
14
Calculate the remainder when 122 is divided by 57.
8
Calculate the remainder when 18 is divided by 18.
0
Calculate the remainder when 14919 is divided by 18.
15
Calculate the remainder when 168 is divided by 49.
21
What is the remainder when 156 is divided by 55?
46
What is the remainder when 445 is divided by 221?
3
Calculate the remainder when 218 is divided by 48.
26
What is the remainder when 374 is divided by 47?
45
What is the remainder when 1126 is divided by 81?
73
Calculate the remainder when 217 is divided by 42.
7
What is the remainder when 1585 is divided by 13?
12
What is the remainder when 89 is divided by 13?
11
What is the remainder when 150 is divided by 22?
18
What is the remainder when 848 is divided by 78?
68
What is the remainder when 1899 is divided by 944?
11
What is the remainder when 501 is divided by 492?
9
Calculate the remainder when 3883 is divided by 58.
55
Calculate the remainder when 468 is divided by 468.
0
Calculate the remainder when 895 is divided by 13.
11
Calculate the remainder when 200 is divided by 168.
32
What is the remainder when 143 is divided by 59?
25
Calculate the remainder when 1102 is divided by 13.
10
What is the remainder when 3100 is divided by 29?
26
Calculate the remainder when 1189 is divided by 133.
125
Calculate the remainder when 1456 is divided by 126.
70
What is the remainder when 960 is divided by 126?
78
Calculate the remainder when 325 is divided by 106.
7
Calculate the remainder when 255 is divided by 120.
15
Calculate the remainder when 3299 is divided by 33.
32
Calculate the remainder when 11081 is divided by 14.
7
Calculate the remainder when 500 is divided by 168.
164
What is the remainder when 111 i